remainder when p is divided by b?
2
Suppose 2*h - 160 = -2*h. Let u(c) = -7*c. What is the remainder when h is divided by u(-2)?
12
Suppose -z + 0*z + 4 = 0. Suppose 0 = z*d - 0 - 4. Let t = d - -32. Calculate the remainder when t is divided by 17.
16
Let h = 25 - 15. What is the remainder when 49 is divided by h?
9
Suppose -6*g + 14 = -4*g. Suppose -3*u - 2*u + 120 = -3*t, 0 = -4*u + 3*t + 93. What is the remainder when u is divided by g?
6
Calculate the remainder when (-8)/((-8)/(-4)) + 25 is divided by ((-22)/(-3))/(6/9).
10
Let s(w) = -3*w**2 + 4*w - 7. Let m(q) = -4*q**2 + 3*q - 8. Let t(d) = 4*m(d) - 5*s(d). Calculate the remainder when 28 is divided by t(-7).
8
Suppose -q = -7*q + 786. Calculate the remainder when q is divided by 34.
29
Suppose 12*j - 2*j - 280 = 0. What is the remainder when 195 is divided by j?
27
Suppose -n + 0*o = -2*o, 2*o + 32 = 5*n. Calculate the remainder when n is divided by 6.
2
Let p(s) = 6*s**2 - 4*s**2 + s**2. Calculate the remainder when 35 is divided by p(2).
11
Let d(y) = y**2 + 8*y + 34. What is the remainder when d(-10) is divided by 29?
25
Suppose -4*a + 84 = -a. Suppose 4*m - a - 28 = 0. Let w = 17 + -12. Calculate the remainder when m is divided by w.
4
Let v = -115 + 161. Let f = v + 0. Calculate the remainder when f is divided by 12.
10
Suppose 2*m + 2*w - 16 + 4 = 0, -2*w = -2*m. Suppose m*v + 26 = 131. Calculate the remainder when v is divided by 12.
11
Suppose 5*v - 29 = -4*w, -v - 2*w + 0 = -1. What is the remainder when 53 is divided by v?
8
Let q be 6/(6/(-3) - -4). Suppose -4*i = q + 1, -4*i = 2*o - 34. What is the remainder when o is divided by 7?
5
Let i(r) = 2*r**2 - 2*r + 3. Let d = 1 - 2. Let w = d - -4. What is the remainder when i(2) is divided by w?
1
Let y(g) = 2*g**2 - 12*g + 11. Suppose 0*q - q = -36. Suppose -4 = -5*p + q. What is the remainder when y(p) is divided by 15?
13
Let q = -11 - -15. Suppose -9 = u - q*u. What is the remainder when 5 is divided by u?
2
Suppose -5*f - 31 = 19. Calculate the remainder when 3/(f/13 - -1) is divided by 4.
1
Suppose n - 6*n = 45. Let g = n + 13. Calculate the remainder when -1 + 12*2/3 is divided by g.
3
Suppose 3*s - 27 = -3*o, 15 + 12 = 3*s - 2*o. Let z(k) = -k + 25. Calculate the remainder when z(0) is divided by s.
7
Let q(t) = -2*t + 4. Calculate the remainder when 21 is divided by q(-4).
9
Calculate the remainder when 134 is divided by 34/(-1)*6/(-16 - -4).
15
Let t = -11 + 15. What is the remainder when 11 is divided by t?
3
Suppose -5*j = -3*a - 195, -4*j + 0*a + 4*a + 156 = 0. Let l(f) = -10*f - 30. Calculate the remainder when j is divided by l(-5).
19
Calculate the remainder when 1 + (-392)/(-5 - -1) is divided by 34.
31
What is the remainder when ((-141)/(-2))/((-3)/(-4)) is divided by 21?
10
Let k = 7 - -3. Let v = 26 - k. What is the remainder when 47 is divided by v?
15
Suppose -2*i + 5*i - 45 = 0. Let m(v) = v**3 + 5*v**2 - 10*v - 11. What is the remainder when m(-6) is divided by 1/5 + 102/i?
6
Let x be 24*(4 + -2) - -2. Let p = x + -18. Calculate the remainder when p is divided by 7.
4
Let z(b) = -b**2 - 8*b - 8. Let m be z(-8). Let j = 22 + m. Suppose 2*h = -1 + 111. Calculate the remainder when h is divided by j.
13
Let j = 35 - 20. Calculate the remainder when 28 is divided by j.
13
Suppose j = r - 1 + 39, -2*r = 4*j - 158. What is the remainder when j is divided by 10?
9
Let s(o) = 10*o**2 - 30*o + 10. Let t(f) = -2*f**2 + 6*f - 2. Let a(u) = -2*s(u) - 11*t(u). What is the remainder when 37 is divided by a(4)?
7
What is the remainder when 21 is divided by 2/5*(1 + 29)?
9
Suppose -w = -3*w - k - 19, -w + 2*k - 12 = 0. Suppose 2*i = 2*u - 46, 0 = -u - i + 23 + 8. What is the remainder when u is divided by ((-25)/w)/((-1)/(-4))?
7
Suppose -d - 16 = -4*v, -5*d - 37 = -5*v - 8*d. Calculate the remainder when 29 is divided by v.
4
Suppose 4*t + 49 = 5*s, 4*t - 2*s + 12 = -22. Calculate the remainder when -15*(-1 + t/9) is divided by (10 - 3) + 1*2.
7
Let m(l) = l**3 - 4. Calculate the remainder when 45 is divided by m(3).
22
Suppose -2 + 30 = 4*i. What is the remainder when i is divided by 4?
3
Suppose 0 = 5*u + t - 39, -3*u + 6*t - 2*t + 28 = 0. Suppose 2*q + 19 = p, u*p - 69 = 3*p - 3*q. What is the remainder when 28 is divided by p?
13
Let p = -325 - 194. Let o(w) = w**2 + 4*w + 4. Calculate the remainder when p/(-21) - (-4)/14 is divided by o(-5).
7
Suppose 0 = -0*h - 4*h + 128. Suppose -3*i = -7*i + 12. Calculate the remainder when h is divided by (-1 + (-14)/i)*-3.
15
Let j(a) = 10*a + 3. Suppose -3*g = -q - g + 12, 12 = q + 2*g. What is the remainder when j(3) is divided by q?
9
Let t be (-2)/1 + -11 + 0. Let a = 20 + t. What is the remainder when a is divided by 4?
3
Let m = -9 - 4. Let b = m - -30. What is the remainder when b is divided by (3/2)/((-2)/(-12))?
8
Let k = -3 - -2. Calculate the remainder when 24 is divided by (-4 - -3) + (k - -15).
11
What is the remainder when 1 - -1 - (-59 - -3) is divided by 15?
13
Suppose -39 = -2*b + 99. Let d = -117 - -135. What is the remainder when b is divided by d?
15
Let j(n) = -n**3 + 7*n**2 + 8*n - 4. Let v be j(8). What is the remainder when (-73)/v - 2/8 is divided by 7?
4
Let z(p) = 2*p + 1. Let c = 3 + 0. Calculate the remainder when 19 is divided by z(c).
5
Suppose -10 = -11*u + 6*u. Let c be 13*2/4*2. Suppose -c - 29 = -u*f. Calculate the remainder when f is divided by 11.
10
Let l = 68 - 39. Calculate the remainder when l is divided by 5.
4
Suppose -5*d + 33 = 3*v + 182, -103 = 4*d - 3*v. Let m = -10 - d. What is the remainder when m is divided by 10?
8
Suppose -7*d = -8*d. Suppose -4*i + 7 + 37 = d. Calculate the remainder when (8/(-2))/(1/(-8)) is divided by i.
10
Let k = 34 + -14. Calculate the remainder when 77 is divided by k.
17
Let k = 98 + -53. Suppose -4*r = -163 - k. Suppose l = 5*l - r. Calculate the remainder when 25 is divided by l.
12
Let a(p) = 3*p**3 + 2*p**2 - p - 2. Let f = -7 - -9. Calculate the remainder when a(f) is divided by 15.
13
What is the remainder when 36 is divided by 1*-15*(10/15)/(-1)?
6
Let w = -27 + 41. Suppose x = -5, 2*n = x - w + 41. Calculate the remainder when n is divided by 4.
3
Suppose 5*v + 3*x = 78, v - x + 15 = 37. Let a = -5 - -16. Calculate the remainder when v is divided by a.
7
Calculate the remainder when (-639)/12*(-1)/((-6)/(-16)) is divided by 12.
10
Suppose 0*i + 153 = 3*h - 3*i, 5*i - 195 = -4*h. What is the remainder when h is divided by 17?
16
Let l(r) = r + 12. Let o be l(-7). Suppose 74 = 3*w + 2*b - 6*b, o*w = -b + 131. What is the remainder when w is divided by 9?
8
Let l be (2/4)/(4/136). Suppose 2*f + 152 = 4*u, 0*f + 2*f + 32 = u. Calculate the remainder when u is divided by -3*1/1 + l.
12
Let x be 2 - (-80)/(-1 - -3). Suppose -3*b = -0*b - x. Calculate the remainder when 52 is divided by b.
10
Let j(c) = 5*c + 131. Let g(x) = 9*x - 4. Calculate the remainder when g(3) is divided by j(-25).
5
Let z(u) = u**3 + 8*u**2 + 7*u + 7. Suppose 3*w = 35 - 11. Suppose -2*i - w = -32. Calculate the remainder when i is divided by z(-7).
5
Let x(j) = -j**2 - 9*j - 7. Suppose 2*q + 14 = -c, -2*q + 21 = -5*q - 3*c. Let y(p) = 2*p**2 + 1. What is the remainder when x(q) is divided by y(1)?
1
Let t(q) = -q**3 - 4*q**2 - q + 5. What is the remainder when 68 is divided by t(-5)?
33
Suppose 2*b - 18 = 102. Suppose -2*k + b = 24. What is the remainder when k is divided by 10?
8
Let l(v) = -10*v + 2. Let d be l(3). Let c be 492/10 + 1/(-5). Let k = c + d. What is the remainder when k is divided by 11?
10
Calculate the remainder when 85 is divided by -1 + 27 + (-1 - -3) + 1.
27
Let j = -64 + 100. Let v(g) = 8*g + 131. Calculate the remainder when j is divided by v(-14).
17
Let i be 1*(-2)/2 + -33. Let o = i - -47. Calculate the remainder when 49 is divided by o.
10
Suppose -2*y + 2*f + f - 8 = 0, 4*f - 12 = 2*y. Suppose -y*x = -4*x + 22. Calculate the remainder when 19 is divided by x.
8
Let v(w) = -w + 49. Suppose 5*f - 11 = 74. Let d = f - 4. What is the remainder when v(0) is divided by d?
10
Let a be (2 - (2 - -5)) + 0. Let q = a + -3. Calculate the remainder when q/(-3)*(-3 + 15) is divided by 11.
10
Let i(b) = -b - 1. What is the remainder when 7 is divided by i(-4)?
1
Let x = -75 + 131. Suppose -4*j = -4 - x. Cal